 -2)?
7
What is the value of 0 + 0 + (1 - 2)?
-1
Evaluate -1 + 3 + (-7 - -1) - 3.
-7
Calculate 1 - (1 + (-2 - 3)).
5
What is 1 - (5 - (0 - -1))?
-3
Calculate (-2 + 0 + -2 - -1) + 8.
5
What is the value of 4 + -4 + 4 + -9?
-5
Calculate 2 + -9 + -1 - (-5 + 0).
-3
Calculate -17 + (-7 + -4 - -21).
-7
What is -8 + -4 + 3 + (0 - -5)?
-4
What is the value of -4 - (9 - 5 - 3)?
-5
What is (1 - -10) + -9 + -9?
-7
(0 - -1) + 6 - (-12 - -18)
1
What is -11 + 20 + -11 + -2?
-4
What is the value of -1 - -4 - (11 - 1)?
-7
What is -3 - (1 - 0) - (-4 + 7)?
-7
What is -3 - (0 + 10 - 8)?
-5
Evaluate 2 + -5 + -3 + (-2 - -3).
-5
-6 - (1 + -4) - 2
-5
Evaluate -2 - (0 - -2) - (-2 - -3).
-5
Calculate 8 + 1 - ((4 - 11) + 11).
5
(11 - 16) + (6 + -12 - -14)
3
Evaluate (6 - 11) + (7 - 2).
0
Calculate 28 - 25 - ((1 - 0) + -1).
3
-7 + -1 - (-32 + 24)
0
(-1 - (0 - -1)) + 4
2
Evaluate 1 - (1 + 7 - 4).
-3
Evaluate (-5 - 0) + (5 - 1).
-1
Calculate -18 + 22 + (-2 - -4) + -11.
-5
What is the value of 3 - (-5 - (-1 - 7))?
0
(-1 - (0 - -3)) + 7
3
What is 8 + -5 - -5 - 3 - -3?
8
3 + -2 - -3 - 0 - 7
-3
Evaluate 7 + -2 + -1 + -6.
-2
What is 13 + -13 + -6 + -3?
-9
Evaluate 8 - (7 + -12 - -7).
6
What is the value of (18 - (-8 - -21)) + -1 + 7?
11
4 + (2 + 2 + -6 - -1)
3
Calculate 2 + -8 + 2 + 0 + 3.
-1
Calculate (3 - 7) + 2 - -5.
3
What is the value of -5 - (-7 + 5 - 4)?
1
What is 0 - (-4 + (4 - (-3 - -8)))?
5
-3 - (-6 + (-7 - -6))
4
-1 - ((-1 - -2) + -4 + 5)
-3
What is -6 + (10 - 5 - 13) + 12?
-2
-4 - -6 - 0 - 10
-8
(-2 + 4 - 1) + -3 + -1
-3
Evaluate -13 - -12 - (0 - -3).
-4
Evaluate -1 + (-2 - -6 - -2).
5
What is the value of 16 + -8 - 10 - (0 + 1)?
-3
What is the value of (0 - 2) + (-10 - -11)?
-1
Evaluate 8 + -13 - (-9 + 1).
3
-2 + -1 - -7 - (-2 - -2)
4
(0 - 2) + (4 - -3)
5
2 + 6 - 7 - 2
-1
Evaluate -2 + 3 + 1 + 2 + 1.
5
Evaluate 0 + (-2 - 3) + 6.
1
What is the value of 11 - 8 - (8 - 3)?
-2
Evaluate -3 - (-5 - -1) - 3.
-2
Calculate 2 - (-1 - (-5 + -3)).
-5
-16 + (4 - (13 - 18))
-7
Evaluate (0 - -1) + 0 - 2.
-1
-4 + (4 - 7 - -2)
-5
Evaluate 2 + 0 + 1 - (23 - 25).
5
What is (14 - (11 - 10)) + -4?
9
Calculate 1 - 0 - (8 + (-1 - 6)).
0
-4 + (1 - -4 - 3 - -2)
0
What is the value of -1 + 1 - (12 + (10 - 16))?
-6
Calculate 0 - (8 + -3 + -4).
-1
Evaluate -5 + 10 + 9 + -14.
0
What is the value of -2 - ((5 - 3 - -1) + -1)?
-4
6 - (0 - -12 - 5)
-1
Evaluate 2 - 2 - (1 + (-4 - 1)).
4
Evaluate -218 - -210 - (3 - (-1 + 3)).
-9
What is 8 + 10 + -6 + -10?
2
What is -6 + (0 - (4 - 7) - 1)?
-4
Calculate 2 + 2 + (-29 - -32) - -3.
10
What is the value of 7 + -11 - 2 - -6?
0
What is the value of (-9 - -8) + 1 + (0 - 0)?
0
What is the value of 2 + (-2 + 8 - 7)?
1
Calculate -5 + -5 - -6 - -4.
0
What is 5 + 1 - -1 - (11 + 0)?
-4
Evaluate 0 - 1 - (5 + -20 - -15).
-1
What is the value of 2 + (-1 - -3) - 7?
-3
What is the value of 8 + (11 + -5 - 11)?
3
Calculate (-2 - -2 - 3) + 3 + 5.
5
What is 9 - 6 - (-8 + 3 + 4)?
4
Calculate -1 - -7 - (22 + -17).
1
What is -4 + -6 + 12 + -4?
-2
What is 19 + -18 + (-4 - (-2 + 0))?
-1
Evaluate (1 - -1) + (-2 - -1).
1
Evaluate (-1 - (3 - 3)) + 4.
3
Evaluate (0 - (6 + -4)) + 3.
1
-14 - (-2 + (4 - (5 + 2)))
-9
-7 - (-13 - (-14 - -8))
0
Evaluate 5 + -1 + (68 - 67).
5
What is the value of -10 + (5 + 6 - (10 - 5))?
-4
Evaluate 5 - (7 + -3 + -4).
5
Evaluate 4 + (4 - 3 - 4) + -1.
0
What is -6 - (6 - 16) - 7?
-3
(0 - (-1 - 2)) + (-2 - -4)
5
What is 2 + -3 - (7 + -12)?
4
1 - (4 + -8 - -10 - 6)
1
Calculate (12 - 14) + -1 + 1 + 1.
-1
What is -2 + (-1 - (-2 - -3))?
-4
What is the value of -4 - (5 - (2 + 14 + 2))?
9
What is the value of (-4 - -4 - 2) + 3 - 4?
-3
Calculate 4 + -10 + -2 - -3.
-5
Calculate (4 - (6 + 1)) + (2 - 0).
-1
What is (3 - (-2 + 3)) + -2?
0
Evaluate (-13 - 4 - -14) + (0 - -10).
7
What is 2 + -15 + 4 - (-2 + -4)?
-3
What is -8 + (-2 - 1 - -8)?
-3
Evaluate 7 + -10 + (0 - -4).
1
Evaluate -5 + (4 - 1) + 8.
6
Evaluate -2 + (1 - 2) + 0 + 1.
-2
Evaluate 2 + -3 + 7 + -2 + 1.
5
What is the value of -1 - (-2 + (2 - 3) + 2)?
0
Evaluate (3 - 0) + -6 - -8.
5
Evaluate 7 - 2 - 7 - (0 - 4).
2
Evaluate -3 + 6 + 6 + (-5 - 2).
2
Calculate (-30 - -25 - (1 + -1)) + 2.
-3
What is the value of -10 + (12 - 1) + -8?
-7
What is the value of (-3 - ((-2 - -2) + -1)) + 2?
0
Evaluate 2 - -1 - 8 - (0 - -3).
-8
Calculate (-9 - -3) + -4 + 6.
-4
Evaluate 1 + -1 + 2 - (-7 + 7).
2
What is -8 + 4 - (-3 + -3)?
2
Calculate -3 + 5 + 4 + -9 + 5.
2
What is 4 + -4 + (-6 - -4)?
-2
What is the value of -4 + ((-1 - 1) + 3 - -4)?
1
What is -8 + 3 + -1 - -8?
2
Evaluate (-15 - -10) + -10 - -7.
-8
What is (357 - 358) + (-1 + 1 - -2)?
1
Calculate -10 - (-2 - -6 - 9).
-5
Evaluate 5 + 11 - 8 - 13.
-5
-3 - (-4 - (-2 - (0 - -6)))
-7
-9 + 8 + 3 + -1 + 2
3
Evaluate 0 + 5 - (8 + 6 + -11).
2
What is (-17 - -21) + -5 + 0?
-1
What is the value of (-2 - 2 - -8) + -8?
-4
Calculate 7 + -3 + (2 - (5 + -4)).
5
Calculate -3 + -1 + (2 + -3 - 0).
-5
What is 0 + -6 + 36 + -33?
-3
Evaluate -1 + 0 + 2 + -3.
-2
6 - 2 - (13 + -6 + 1)
-4
Calculate -4 + 1 + 4 - -3.
4
What is the value of -1 + 1 - (-28 - -25)?
3
Evaluate -4 - (-9 + (-4 - 2)).
11
-9 + 1 + -103 + 108
-3
What is the value of 0 + (3 - 7) + 4?
0
What is the value of -2 + -3 + -8 + (29 - 13)?
3
What is (3 - 1) + (-4 - (-2 + -3))?
3
Evaluate 0 + -7 - ((8 - 18) + 6).
-3
Evaluate 4 - (2 - -1) - -3 - -1.
5
What is the value of 1 - 2 - (10 + -3)?
-8
What is -1 - (-3 + (0 - -4) - -1)?
-3
Evaluate -3 - (-8 + 2) - (0 + 7).
-4
Calculate (-5 - (-10 - (2 - 5))) + -4.
-2
Calculate -17 + 15 - (3 - 0) - -5.
0
What is the value of (-3 + -1 - -5) + 1?
2
Calculate 0 + (-2 - -1) + -41 + 36.
-6
Evaluate (-4 - (4 - 0)) + (-2 - -6).
-4
What is the value of 2 + -3 + (7 - 11)?
-5
What is -30 + 24 - (-3 - 2) - -1?
0
What is 6 + -14 + 1 + 3 + 0?
-4
Calculate -3 + 8 + 0 + -4.
1
What is the value of (10 - 0) + (-9 - -3) - 9?
-5
What is (1 - (-2 + 0)) + (24 - 30)?
-3
-2 + -2 + -1 + 4 - 1
-2
What is the value of 8 + -2 + 4 + -1 + -4?
5
Evaluate -3 + 1 + 2 + (-7 - -6).
-1
(1 - (2 - 1)) + 0 - -2
2
What is -2 + 6 + -5 + -5 - 2?
-8
Evaluate 9 - (15 + (-2 - 6)).
2
2 - (-1 + 9) - (4 - 5)
-5
Calculate -5 + -2 + (-6 - -7).
-6
1 - (-5 + 24 + -10)
-8
What is 4 + -2 - 1 - 3?
-2
Evaluate 10 + -7 + (10 - 5).
8
2 - (-6 + 1 + -14 + 17)
4
What is the value of -3 + (-5 - -4) + -1 + 6?
1
What is the value of -4 + (4 - 0 - (3 - 0))?
-3
What is -1 + 2 + (3 - -1)?
5
Evaluate -16 - (7 - 14) - (0 - 5).
-4
What is -4 - -10 - (3 + (0 - 3))?
6
What is (4 + -2 - 3) + -15 + 19?
3
What is -5 - (3 - 0 - 6)?
-2
(-21 - (-17 - -2)) + 0 + 1
-5
-5 - (-1 + 0) - (-8 + 8)
-4
Evaluate 11 + -20 - (1 - 12).
2
Evaluate (-8 - (-5 - 8)) + (-1 - 1).
3
What is 0 + 3 + -8 + 0?
-5
Calculate (0 + 3 - -3) + (-29 - -31).
8
0 + (-8 - -4) + 3
-1
What is 0 - (-20 + 13 - -1)?
6
Calculate 2 + -1 + (4 - 2) + 1.
4
Calculate -1 - ((13 - (-1 - -7)) + -5).
-3
Calculate -9 + -3 + 9 - -3.
0
What is the value of -2 - -1 - (-3 - (4 + -4))?
2
Calculate 0 + 5 + 9 + -8.
6
What is (6 - (-1 + 5)) + 1?
3
Evaluate 6 + -3 - (0 - (-2 + -3)).
-2
Calculate 1 + -2 + 4 + -4.
-1
-48 + 55 + 0 + (-5 - 0)
2
Calculate 33 + -44 + (9 - 0).
-2
Calculate (47 - 43) + -1 + 1.
4
What is 11 - 5 - 0 - 6 - -4?
4
What is -7 + 8 - (-2 + -1)?
4
Calculate 9 - (-2 + (6 - 3) - -3).
5
Calculate 5 + -1 + 0 + (-92 - -89).
1
What is the value of (0 - (0 - 3)) + -1?
2
7 - (5 + 1) - (2 - 4)
3
Calculate -3 + -3 + (-4 + 5 - -1).
-4
(-8 - 3 - -7) + 0 + 5
1
(-4 - (-3 - -2)) + (-39 - -41)
-1
What is 3 + 0 - -5 - 3?
5
-4 + -5 + -5 + 9 + -2
-7
Calculate 1 - (-11 + 7 - (1 - 9)).
-3
(-8 - -4) + (-4 - -1) - -1
-6
Calculate (-11 - -13) + 3 + -5.
0
What is -5 + -7 + (4 - 10) + 12?
-6
What is the value of -3 - (4 + -2 + -1) - -6?
2
What is the value of 3 - (-9 + 13 + 8)?
-9
Calculate 4 - (-1 - -2) - 2.
1
Evaluate 1 + 0 - 6 - -10.
5
Calculate -1 + 3 + (-1 - -3).
4
What is the value of 4 - (-2 - (2 + -9)) - 6?
-7
8 - (2 + 1 + 2)
3
-5 - 0 - (-2 - 5)
2
-10 + 20 + -4 + -8
-2
Calculate 2 + -2 + -5 + 6.
1
What is -5 + 2 + -3 + (-2 - -3)?
-5
-3 + 17 + -10 + -7
-3
-6 + -1 + -2 + 0
-9
What is (-7 - -4) + -1 + (10 - 12)?
-6
What is -6 - (10 + -11) - 0?
-5
Evaluate 5 + (3 - 1) - 6.
1
What is -23 + 18 - (2 + -12) - 10?
-5
5 + (1 - (-4 - -12 - 7))
5
Evaluate 3 + (4 - -4) + -13.
-2
167 + -169 - (-3 + 0)
1
What is the value of -4 + (-3 - 